osite number?
True
Let o = 2 + 3. Suppose o*m - 40 = m. Is m a composite number?
True
Let b(q) = q**3 + 3*q**2 + 4. Let y be b(-3). Let j = y + -3. Is 58/j - (-4 + 7) composite?
True
Let g(w) = 64*w**2 + w - 3. Let r = 20 - 22. Is g(r) composite?
False
Let f = 1 - -1. Suppose 0 = -3*r + 2*r - f, 0 = -2*a + 4*r + 18. Suppose 10 = 6*u - a*u. Is u a composite number?
True
Suppose 0 = 4*t - 0*t + 5*j - 3003, -2255 = -3*t - j. Let f = -529 + t. Is f a composite number?
False
Suppose -2*v = -3*o + 5, 3*o = -4*v + 16 + 19. Suppose v*s - 85 = 10. Is s prime?
True
Let x(r) = -r**3 + 2*r**2 - 3*r + 3. Is x(-4) prime?
False
Let t(a) = 17*a**2 + 5*a + 3. Is t(-3) a composite number?
True
Let n = 3 - 4. Let u(i) = -i + 1. Let r(c) = 14*c - 4. Let m(q) = n*r(q) - 5*u(q). Is m(-3) prime?
False
Suppose 0 = -22*g + 24*g - 382. Is g composite?
False
Suppose 781 = 4*y - 5*j, -j - 2*j - 190 = -y. Is y a prime number?
True
Let n(u) = 7*u**2 - 6*u**2 - 1 + u**2. Suppose 3*a + 22 - 1 = 0. Is n(a) prime?
True
Suppose j = -3*j + 2252. Is j composite?
False
Suppose 791 = -2*p + 7*p + 2*j, -p - 3*j = -153. Is p a composite number?
True
Suppose 4*g - 31 = -4*b + b, -3*g + 5*b = 13. Suppose 15 = 2*n + 2*w - 99, 0 = n - g*w - 62. Is n a prime number?
False
Let a = -9 - -14. Suppose a*t = t - l + 14, -3*t + 2*l + 5 = 0. Suppose -5*h = -2*u + 21, -u + t*u = -5*h + 31. Is u prime?
True
Suppose 5*x - 5*v = 0, 0 = 3*v + 2*v + 10. Is (-111)/(-2) + x/4 prime?
False
Let c be 13/(384/381 + -1). Suppose b = 6 - 3, 2*n + 3*b = c. Is n composite?
False
Suppose 2 + 4 = g. Is 370/8 + g/8 composite?
False
Let r(a) = 34*a**2 + 11*a + 21. Is r(-4) prime?
True
Let s(l) = -l**2 + 7*l + 4. Let c = 4 - 2. Let x be 4 + c + 0 + 0. Is s(x) a prime number?
False
Suppose -5*x = 3*h - 2263, 3*h - x - 2245 = 3*x. Is h a composite number?
False
Let p(r) = 633*r**2 - 5*r + 5. Let b(i) = 211*i**2 - 2*i + 2. Let x(a) = -8*b(a) + 3*p(a). Is x(1) composite?
False
Let c = -8 - -18. Suppose -3*f + 6*q = q - 14, 2*f - 4*q - c = 0. Suppose -5*n + 945 = 4*j, 0*n - f*j = n - 200. Is n composite?
True
Let u be ((-3)/(-5))/(3/15). Suppose -26 = -u*i + 187. Is i composite?
False
Suppose -2*p + 432 = 5*q - 379, -3*p - q = -1210. Is p composite?
True
Suppose 74 = i + 27. Is 0/9 + 5*i a prime number?
False
Let c be (5 - -2) + -3*1. Suppose 2*r + p - 248 = -p, -2*p = c*r - 486. Is r composite?
True
Suppose 0 = 3*i + 6, -2*k + 6*k + 8 = 4*i. Is -4*(65/k + 3) a prime number?
True
Let h = 251 + -69. Let w = h - 42. Suppose -w = -5*c + 455. Is c a composite number?
True
Suppose 0 = 5*f - 5*m - 70, 0 = -f - 2*m + 2. Let y(o) = -2*o**2 + 13*o + 1. Let d(g) = -4*g**2 + 26*g + 2. Let n(v) = 4*d(v) - 9*y(v). Is n(f) a prime number?
False
Suppose -3*p = -h + 205, 3*h - 255 = 5*p + 356. Is h a prime number?
False
Let l(g) = 10*g**2 + 5*g + 4. Suppose 0*m - 6 = 2*m. Is l(m) prime?
True
Let b(a) be the second derivative of -203*a**3/6 + 2*a. Let x(m) = m. Let g be x(-1). Is b(g) a composite number?
True
Let q be 4/(-10) + 12/5. Suppose 8 = p - q. Is p composite?
True
Suppose -2*k - 5*j = -0*j - 4666, -4*k + 9332 = -3*j. Is k composite?
False
Let j(k) = 53*k**2 - k + 1. Let d(n) = n + 5. Let x be d(-4). Is j(x) prime?
True
Suppose 3*j + 42 = 4*c, c + 75 = -2*j - 2*j. Let t = 33 - -8. Let v = t + j. Is v composite?
False
Suppose -2*l = w + 3*l + 18, -5*w - 5*l = 30. Is w - -4 - 45*-2 a composite number?
True
Suppose 0 = 4*u - 8*m + 3*m - 740, 5*u = 4*m + 925. Is u a prime number?
False
Let y(h) = -h + 37*h**2 - 2*h + 3*h. Is y(1) composite?
False
Suppose -5*y + 1283 = -1267. Suppose -4*c - 2*f + f = -y, -3*c + 385 = 2*f. Is c prime?
True
Let c be 0 - (2 - (0 - -146)). Suppose 0*g - 4*g = -c. Is 0 - (-1 - g/1) a prime number?
True
Let d(k) = 266*k - 21. Is d(4) composite?
True
Suppose 4*g = -7*g + 25113. Is g a composite number?
True
Let q be (-1)/(3/(0 - 213)). Let s = q - -95. Is s a composite number?
True
Suppose 97 = 12*f - 1787. Is f prime?
True
Suppose 3*j = 8*j - 615. Is j a composite number?
True
Suppose 264 = h - 319. Is h a prime number?
False
Suppose -a + 3 = -2. Suppose -a*d + 34 + 31 = 0. Is d composite?
False
Let h(a) = -9*a**3 + a**2 - 2*a - 3. Suppose -4*m + 3*m + 2*w = -5, 10 = 5*m - 5*w. Let d be (0 - 2)/2 + m. Is h(d) a composite number?
True
Suppose 4*z - 2*z - 46 = 0. Let u(f) = 15*f - 1. Let g be u(1). Let y = z + g. Is y a prime number?
True
Suppose -3*c - 4 = -169. Is c a composite number?
True
Suppose 4028 = -8*x + 12*x. Is x composite?
True
Let k = 12 - -11. Let l(a) = -a**2 - a. Let x be l(-1). Suppose u + k - 76 = x. Is u prime?
True
Let q(y) = 75*y**2 + 12*y - 5. Is q(4) composite?
True
Let u = -1 - -11. Is (905/u)/(2/4) prime?
True
Let j(a) = 0 + 1 - 27*a - 5. Let q be j(-5). Suppose 3*g - 4*g = -q. Is g a composite number?
False
Let j = 2 - -1. Suppose -j*b = -2*b. Suppose 282 = 5*i + 3*k, b*k = -3*i + 4*k + 175. Is i a prime number?
False
Suppose 2*b - 125 = 3*b. Let y be (0 - 4/(-10))*440. Let m = b + y. Is m prime?
False
Suppose -3*h + 2*h = 6. Let r = h + 9. Is r composite?
False
Suppose 125 + 202 = -3*k. Let a = k + 228. Is a composite?
True
Suppose -3*a + 346 = -443. Is a a composite number?
False
Suppose -i - 2*n + 222 = 22, -3*n = 4*i - 775. Is (i/15)/((-2)/(-3)) a composite number?
False
Let s = 6381 + -3178. Is s a prime number?
True
Let o = 461 + -84. Is o a composite number?
True
Suppose l - 322 + 47 = -4*c, 8 = -2*c. Is l a composite number?
True
Let b be 1/2 + (-11)/(-2). Suppose 3*q + 27 = b*q + 5*w, 2*q - w = 5. Suppose q*o + 0*t = t + 75, 2*t + 74 = 4*o. Is o composite?
False
Let k(n) = 18*n**2 - n - 1. Let r be k(-1). Let a = r + -10. Is (3/(-2))/((-6)/a) prime?
True
Let m = -14 + 25. Let j = m - -3. Suppose j = 2*h - 6. Is h a prime number?
False
Let l = 4386 - 2875. Is l composite?
False
Let g(p) = -p**2 + 127. Is g(0) prime?
True
Let k be (-1 - -2) + -33 + -2. Let x = -24 - k. Is x a composite number?
True
Let r(o) = o + 6. Let z be r(-4). Let m = z + -2. Suppose -4*f - 3*n = -99, 2*f + n - 3*n - 32 = m. Is f a composite number?
True
Suppose -4*q + b = -25, -2*q - 3*b + 11 = 2. Is q a prime number?
False
Let m(s) = -4 + s**2 - 4*s + 11 + 3*s. Is m(6) a composite number?
False
Suppose 3*d + 4*k + 62 = 0, 0*d - 43 = 2*d + 3*k. Let a be (273/d)/((-2)/52). Suppose 0 = -5*w + 3*f - 44 + a, -w + 4*f = -79. Is w a composite number?
True
Let g = -6 - -11. Suppose -g*x + 68 - 7 = -3*u, -3*x + 27 = 3*u. Is x composite?
False
Let w be (8/(-10))/(2/(-410)). Let p = w - 59. Suppose -2*a - a + p = -3*h, 0 = -3*h. Is a a prime number?
False
Let y be (42/14)/(1 + 0). Suppose m = y*h + h - 1335, 5*m - 25 = 0. Is h composite?
True
Suppose -2*t = -4*t + 2*b + 184, 172 = 2*t + 2*b. Is t a prime number?
True
Suppose 5*x = 2 + 8. Suppose -24 = -3*q - 4*j, x*q + 4 = -j + 15. Suppose -q*i + 5*g + 741 = 0, -4*i = -0*g - g - 721. Is i a composite number?
False
Let s be 92/22 - (-6)/(-33). Let x(j) = s*j - 2 + 3 + 0*j + 2*j**2. Is x(6) a composite number?
False
Suppose c + 3 = -n, -5*n - 3*c = -0*n + 19. Let j(r) = -2*r**3 + 6*r**2 - 4*r - 1. Is j(n) a prime number?
True
Let a(v) be the first derivative of v**4/4 + 2*v**3 - v**2 + 2*v - 6. Is a(-5) prime?
True
Let k be 3/6*2*6. Is 771/21 + k/21 prime?
True
Let i(u) be the third derivative of u**7/420 + u**6/360 - u**5/120 + u**4/24 + u**2. Let m(t) be the second derivative of i(t). Is m(-2) a prime number?
True
Let v(x) = -x**3 - 7*x**2 - 2*x - 8. Let g be v(-7). Suppose -g = -4*i + 5*r + 12, 2 = -2*i - 3*r. Is ((-28)/(-10))/(i/10) prime?
False
Let v = 98 + 1159. Is v composite?
True
Let b(p) = p**3 + 13*p**2 + 4*p - 3. Let q = -28 - -21. Is b(q) composite?
False
Let v(p) = -55*p**2 + 3*p - 1. Let l(u) = 55*u**2 - 3*u + 1. Let h(k) = -4*l(k) - 5*v(k). Is h(3) a composite number?
False
Let b = 4 + -4. Suppose b*c + 79 = c. Is c a composite number?
False
Let d = 351 - 140. Is d a prime number?
True
Is (-4)/(-10) + 34448/80 a composite number?
False
Let y be (-4)/(-6) + 6/(-9). Let n(g) = y + 2*g + 0 + 5. Is n(7) composite?
False
Let w be 3 - (4 + 0) - 5. Is 76 - 14 - w/(-2) prime?
True
Let o be (5/(-2))/(2/(-4)). Suppose -4*a + 2*a - 20 = -5*w, 0 = o*w - a - 20. Suppose -w*q = -12 - 48. Is q prime?
False
Let l(p) = -7*p**2 + p. Suppose -6*m = -m + 5*w, 3*m 